{"id":9810,"date":"2017-11-15T11:24:42","date_gmt":"2017-11-15T10:24:42","guid":{"rendered":"http:\/\/www.aspacam.org\/?page_id=9810"},"modified":"2018-01-26T13:21:17","modified_gmt":"2018-01-26T12:21:17","slug":"partenaires","status":"publish","type":"page","link":"http:\/\/www.aspacam.org\/?page_id=9810","title":{"rendered":"Partenaires"},"content":{"rendered":"<p style=\"text-align: center;\">La Soci\u00e9t\u00e9 G\u00e9n\u00e9rale et la BFM sont les partenaires privil\u00e9gi\u00e9s de l&rsquo;ASPACAM.<\/p>\n<p style=\"text-align: center;\">L&rsquo;agence r\u00e9f\u00e9rente est l&rsquo;agence soci\u00e9t\u00e9 g\u00e9n\u00e9rale de Lattes<\/p>\n<p style=\"text-align: center;\"><strong> Charline GALTHIE<\/strong><strong><br \/>\n<\/strong>Conseill\u00e8re de client\u00e8le SG<br \/>\nAgence de LATTES\u00a0&#8211; 01618<br \/>\nTel : <a href=\"tel:04%2067%2099%2041%2040\">04.67.99.41.40<\/a><br \/>\nFax : <a href=\"tel:04%2067%2022%2006%2002\">04.67.22.06.02<\/a><br \/>\nEmail : <a href=\"mailto:charline.galthie@socgen.com\">charline.galthie@socgen.com<\/a><\/p>\n<p style=\"text-align: center;\"><strong>R\u00e9gis FORMIGLI<\/strong><br \/>\nResponsable des Partenariats BFM<br \/>\nSoci\u00e9t\u00e9 G\u00e9n\u00e9rale \/ Banque Fran\u00e7aise Mutualiste<br \/>\ntel: <a href=\"tel:04%2067%2066%2057%2021\">04 67 66 57 21<\/a><br \/>\nmob: <a href=\"tel:06%2083%2082%2048%2088\">06 83 82 48 88<\/a><br \/>\nEmail : <a href=\"mailto:regis.formigli@socgen.com\">regis.formigli@socgen.com<\/a><\/p>\n<p style=\"text-align: center;\"><a href=\"http:\/\/www.aspacam.org\/wp-content\/uploads\/2018\/01\/tract_inter_campagneFEVRIER2018_HD.pdf\">Plaquette commerciale<\/a><\/p>\n","protected":false},"excerpt":{"rendered":"<p>La Soci\u00e9t\u00e9 G\u00e9n\u00e9rale et la BFM sont les partenaires privil\u00e9gi\u00e9s de l&rsquo;ASPACAM. L&rsquo;agence r\u00e9f\u00e9rente est l&rsquo;agence soci\u00e9t\u00e9 g\u00e9n\u00e9rale de Lattes Charline GALTHIE Conseill\u00e8re de client\u00e8le SG Agence de LATTES\u00a0&#8211; 01618 Tel : 04.67.99.41.40 Fax : 04.67.22.06.02 Email : charline.galthie@socgen.com R\u00e9gis FORMIGLI Responsable des Partenariats BFM Soci\u00e9t\u00e9 G\u00e9n\u00e9rale \/ Banque Fran\u00e7aise Mutualiste tel: 04 67 66 &hellip; <a href=\"http:\/\/www.aspacam.org\/?page_id=9810\" class=\"more-link\">Continuer la lecture de <span class=\"screen-reader-text\">Partenaires<\/span> <span class=\"meta-nav\">&rarr;<\/span><\/a><\/p>\n","protected":false},"author":1,"featured_media":0,"parent":0,"menu_order":0,"comment_status":"closed","ping_status":"closed","template":"","meta":{"_mi_skip_tracking":false},"_links":{"self":[{"href":"http:\/\/www.aspacam.org\/index.php?rest_route=\/wp\/v2\/pages\/9810"}],"collection":[{"href":"http:\/\/www.aspacam.org\/index.php?rest_route=\/wp\/v2\/pages"}],"about":[{"href":"http:\/\/www.aspacam.org\/index.php?rest_route=\/wp\/v2\/types\/page"}],"author":[{"embeddable":true,"href":"http:\/\/www.aspacam.org\/index.php?rest_route=\/wp\/v2\/users\/1"}],"replies":[{"embeddable":true,"href":"http:\/\/www.aspacam.org\/index.php?rest_route=%2Fwp%2Fv2%2Fcomments&post=9810"}],"version-history":[{"count":4,"href":"http:\/\/www.aspacam.org\/index.php?rest_route=\/wp\/v2\/pages\/9810\/revisions"}],"predecessor-version":[{"id":9866,"href":"http:\/\/www.aspacam.org\/index.php?rest_route=\/wp\/v2\/pages\/9810\/revisions\/9866"}],"wp:attachment":[{"href":"http:\/\/www.aspacam.org\/index.php?rest_route=%2Fwp%2Fv2%2Fmedia&parent=9810"}],"curies":[{"name":"wp","href":"https:\/\/api.w.org\/{rel}","templated":true}]}}