{"id":79,"date":"2014-03-10T11:49:33","date_gmt":"2014-03-10T10:49:33","guid":{"rendered":"http:\/\/www.aspacam.org\/?page_id=79"},"modified":"2015-03-13T16:14:55","modified_gmt":"2015-03-13T15:14:55","slug":"oenologie","status":"publish","type":"page","link":"http:\/\/www.aspacam.org\/?page_id=79","title":{"rendered":"Oenologie"},"content":{"rendered":"<p><img decoding=\"async\" loading=\"lazy\" src=\"http:\/\/www.aspacam.org\/wp-content\/uploads\/2014\/03\/vin1.jpg\" alt=\"\" width=\"463\" height=\"309\" \/><\/p>\n<p>Responsable de l&rsquo;activit\u00e9 : <a href=\"mailto:crockerbilly@gmail.com\" target=\"_blank\">Billy Crocker<\/a><\/p>\n<p>Organisation de soir\u00e9e d\u00e9gustation \/ cours d\u2019\u0153nologie<\/p>\n<p>Une participation est demand\u00e9e aux adh\u00e9rents<\/p>\n<p>&nbsp;<\/p>\n","protected":false},"excerpt":{"rendered":"<p>Responsable de l&rsquo;activit\u00e9 : Billy Crocker Organisation de soir\u00e9e d\u00e9gustation \/ cours d\u2019\u0153nologie Une participation est demand\u00e9e aux adh\u00e9rents &nbsp;<\/p>\n","protected":false},"author":1,"featured_media":0,"parent":2,"menu_order":7,"comment_status":"closed","ping_status":"closed","template":"","meta":{"_mi_skip_tracking":false},"_links":{"self":[{"href":"http:\/\/www.aspacam.org\/index.php?rest_route=\/wp\/v2\/pages\/79"}],"collection":[{"href":"http:\/\/www.aspacam.org\/index.php?rest_route=\/wp\/v2\/pages"}],"about":[{"href":"http:\/\/www.aspacam.org\/index.php?rest_route=\/wp\/v2\/types\/page"}],"author":[{"embeddable":true,"href":"http:\/\/www.aspacam.org\/index.php?rest_route=\/wp\/v2\/users\/1"}],"replies":[{"embeddable":true,"href":"http:\/\/www.aspacam.org\/index.php?rest_route=%2Fwp%2Fv2%2Fcomments&post=79"}],"version-history":[{"count":6,"href":"http:\/\/www.aspacam.org\/index.php?rest_route=\/wp\/v2\/pages\/79\/revisions"}],"predecessor-version":[{"id":442,"href":"http:\/\/www.aspacam.org\/index.php?rest_route=\/wp\/v2\/pages\/79\/revisions\/442"}],"up":[{"embeddable":true,"href":"http:\/\/www.aspacam.org\/index.php?rest_route=\/wp\/v2\/pages\/2"}],"wp:attachment":[{"href":"http:\/\/www.aspacam.org\/index.php?rest_route=%2Fwp%2Fv2%2Fmedia&parent=79"}],"curies":[{"name":"wp","href":"https:\/\/api.w.org\/{rel}","templated":true}]}}