{"id":77,"date":"2014-03-10T11:49:07","date_gmt":"2014-03-10T10:49:07","guid":{"rendered":"http:\/\/www.aspacam.org\/?page_id=77"},"modified":"2015-03-13T16:14:44","modified_gmt":"2015-03-13T15:14:44","slug":"musique","status":"publish","type":"page","link":"http:\/\/www.aspacam.org\/?page_id=77","title":{"rendered":"Musique"},"content":{"rendered":"<p><img decoding=\"async\" loading=\"lazy\" src=\"http:\/\/www.aspacam.org\/wp-content\/uploads\/2014\/03\/Muscial-Band-Desktop-Wallpaper-1024x711.jpg\" alt=\"\" width=\"665\" height=\"461\" \/><\/p>\n<p>Responsable de l&rsquo;activit\u00e9 :\u00a0 <a href=\"mailto:maxlg@yahoo.fr\" target=\"_blank\">Maxime Leguevello<\/a><\/p>\n<p>L&rsquo;activit\u00e9 \u00e0 lieu dans la salle de musique de l&rsquo;ASPACAM<\/p>\n<p>Le groupe de Maxime, BlackBird est en concert r\u00e9guli\u00e8rement dans la r\u00e9gion, dates et affiches peuvent-\u00eatre consult\u00e9es sur <a href=\"https:\/\/fr-fr.facebook.com\/blackbirdmontpellier\" target=\"_blank\">leur page Facebook<\/a>.<\/p>\n<p>Quelques uns de leur succ\u00e8s sont \u00e0 l&rsquo;\u00e9coute gratuitement sur <a href=\"http:\/\/soundcloud.com\/blackbirdsound\" target=\"_blank\">Soundcloud<\/a>.<\/p>\n<p><a href=\"http:\/\/www.aspacam.org\/wp-content\/uploads\/2014\/03\/Blackbird.jpg\"><img decoding=\"async\" loading=\"lazy\" class=\"aligncenter size-full wp-image-388\" src=\"http:\/\/www.aspacam.org\/wp-content\/uploads\/2014\/03\/Blackbird.jpg\" alt=\"Blackbird\" width=\"853\" height=\"316\" srcset=\"http:\/\/www.aspacam.org\/wp-content\/uploads\/2014\/03\/Blackbird.jpg 853w, http:\/\/www.aspacam.org\/wp-content\/uploads\/2014\/03\/Blackbird-300x111.jpg 300w\" sizes=\"(max-width: 853px) 100vw, 853px\" \/><\/a><\/p>\n<p>&nbsp;<\/p>\n<p>&nbsp;<\/p>\n","protected":false},"excerpt":{"rendered":"<p>Responsable de l&rsquo;activit\u00e9 :\u00a0 Maxime Leguevello L&rsquo;activit\u00e9 \u00e0 lieu dans la salle de musique de l&rsquo;ASPACAM Le groupe de Maxime, BlackBird est en concert r\u00e9guli\u00e8rement dans la r\u00e9gion, dates et affiches peuvent-\u00eatre consult\u00e9es sur leur page Facebook. Quelques uns de leur succ\u00e8s sont \u00e0 l&rsquo;\u00e9coute gratuitement sur Soundcloud. &nbsp; &nbsp;<\/p>\n","protected":false},"author":1,"featured_media":0,"parent":2,"menu_order":5,"comment_status":"closed","ping_status":"closed","template":"","meta":{"_mi_skip_tracking":false},"_links":{"self":[{"href":"http:\/\/www.aspacam.org\/index.php?rest_route=\/wp\/v2\/pages\/77"}],"collection":[{"href":"http:\/\/www.aspacam.org\/index.php?rest_route=\/wp\/v2\/pages"}],"about":[{"href":"http:\/\/www.aspacam.org\/index.php?rest_route=\/wp\/v2\/types\/page"}],"author":[{"embeddable":true,"href":"http:\/\/www.aspacam.org\/index.php?rest_route=\/wp\/v2\/users\/1"}],"replies":[{"embeddable":true,"href":"http:\/\/www.aspacam.org\/index.php?rest_route=%2Fwp%2Fv2%2Fcomments&post=77"}],"version-history":[{"count":8,"href":"http:\/\/www.aspacam.org\/index.php?rest_route=\/wp\/v2\/pages\/77\/revisions"}],"predecessor-version":[{"id":390,"href":"http:\/\/www.aspacam.org\/index.php?rest_route=\/wp\/v2\/pages\/77\/revisions\/390"}],"up":[{"embeddable":true,"href":"http:\/\/www.aspacam.org\/index.php?rest_route=\/wp\/v2\/pages\/2"}],"wp:attachment":[{"href":"http:\/\/www.aspacam.org\/index.php?rest_route=%2Fwp%2Fv2%2Fmedia&parent=77"}],"curies":[{"name":"wp","href":"https:\/\/api.w.org\/{rel}","templated":true}]}}

<p><img decoding="async" loading="lazy" src="http://www.aspacam.org/wp-content/uploads/2014/03/Muscial-Band-Desktop-Wallpaper-1024x711.jpg" alt="" width="665" height="461" /></p>
<p>Responsable de l&rsquo;activité :  <a href="mailto:maxlg@yahoo.fr" target="_blank">Maxime Leguevello</a></p>
<p>L&rsquo;activité à lieu dans la salle de musique de l&rsquo;ASPACAM</p>
<p>Le groupe de Maxime, BlackBird est en concert régulièrement dans la région, dates et affiches peuvent-être consultées sur <a href="https://fr-fr.facebook.com/blackbirdmontpellier" target="_blank">leur page Facebook</a>.</p>
<p>Quelques uns de leur succès sont à l&rsquo;écoute gratuitement sur <a href="http://soundcloud.com/blackbirdsound" target="_blank">Soundcloud</a>.</p>
<p><a href="http://www.aspacam.org/wp-content/uploads/2014/03/Blackbird.jpg"><img decoding="async" loading="lazy" class="aligncenter size-full wp-image-388" src="http://www.aspacam.org/wp-content/uploads/2014/03/Blackbird.jpg" alt="Blackbird" width="853" height="316" srcset="http://www.aspacam.org/wp-content/uploads/2014/03/Blackbird.jpg 853w, http://www.aspacam.org/wp-content/uploads/2014/03/Blackbird-300x111.jpg 300w" sizes="(max-width: 853px) 100vw, 853px" /></a></p>
<p>&nbsp;</p>
<p>&nbsp;</p>

<p>Responsable de l&rsquo;activité :  Maxime Leguevello L&rsquo;activité à lieu dans la salle de musique de l&rsquo;ASPACAM Le groupe de Maxime, BlackBird est en concert régulièrement dans la région, dates et affiches peuvent-être consultées sur leur page Facebook. Quelques uns de leur succès sont à l&rsquo;écoute gratuitement sur Soundcloud. &nbsp; &nbsp;</p>
