{"id":748,"date":"2016-04-04T17:51:36","date_gmt":"2016-04-04T16:51:36","guid":{"rendered":"http:\/\/www.aspacam.org\/?page_id=748"},"modified":"2016-07-24T14:26:13","modified_gmt":"2016-07-24T13:26:13","slug":"journees-bricolage","status":"publish","type":"page","link":"http:\/\/www.aspacam.org\/?page_id=748","title":{"rendered":"Journ\u00e9es bricolage"},"content":{"rendered":"<p>Reste \u00e0 faire :<\/p>\n<ul>\n<li><del>fin de pose des bastaings<\/del><\/li>\n<li><del>pose du plancher<\/del><\/li>\n<li><del>inauguration de la terrasse de 84 m2 ;))<\/del><\/li>\n<li><del>changement barri\u00e8re du parking<\/del><\/li>\n<li><del>retourner d\u00e9tecteur pr\u00e9sence de l&rsquo;entr\u00e9e vers le bas<\/del><\/li>\n<li><del>mettre nouveaux interrupteurs pour \u00e9clairage ext\u00e9rieurs<\/del><\/li>\n<li><del>branchement \u00e9clairages ext\u00e9rieurs sur boite de d\u00e9rivation<\/del><\/li>\n<li><del>changement interrupteurs pour mettre t\u00e9moins lumineux<\/del><\/li>\n<li>changement des grooms de portes<\/li>\n<li>remblaiement du jardin pour niveler et rattraper hauteur de terrasse (\u00e0 voir avec chantier m\u00e9diath\u00e8que)<\/li>\n<li>pose d&rsquo;une cl\u00f4ture sur terrain<\/li>\n<li>plantation d&rsquo;une haie vive<\/li>\n<li>changement du portail c\u00f4t\u00e9 Total<\/li>\n<\/ul>\n<p><strong>Bilan de la journ\u00e9e brico V5&#8230; : <\/strong>terrasse termin\u00e9e, inauguration lors du pot de d\u00e9part de G\u00e9rald, Elo &amp; Isabelle.<\/p>\n<p><a href=\"http:\/\/www.aspacam.org\/wp-content\/uploads\/2016\/04\/20160512_185942.jpg\"><img decoding=\"async\" loading=\"lazy\" class=\"alignleft size-thumbnail wp-image-865\" src=\"http:\/\/www.aspacam.org\/wp-content\/uploads\/2016\/04\/20160512_185942-150x150.jpg\" alt=\"20160512_185942\" width=\"150\" height=\"150\" \/><\/a><\/p>\n<p>&nbsp;<\/p>\n<p>&nbsp;<\/p>\n<p>&nbsp;<\/p>\n<p>&nbsp;<\/p>\n<p><a href=\"http:\/\/www.aspacam.org\/wp-content\/uploads\/2016\/04\/20160512_185906.jpg\"><img decoding=\"async\" loading=\"lazy\" class=\"alignleft size-thumbnail wp-image-866\" src=\"http:\/\/www.aspacam.org\/wp-content\/uploads\/2016\/04\/20160512_185906-150x150.jpg\" alt=\"20160512_185906\" width=\"150\" height=\"150\" \/><\/a><\/p>\n<p>&nbsp;<\/p>\n<p>&nbsp;<\/p>\n<p>&nbsp;<\/p>\n<p>&nbsp;<\/p>\n<p><strong>Journ\u00e9e brico V5 :\u00a0<\/strong>jeudi 21\/04\/16 9h30<\/p>\n<p><strong>Bilan de la journ\u00e9e brico V4 :\u00a0<\/strong>Thierry &amp; Boudi auront bien m\u00e9rit\u00e9 leur plaque sur cette terrasse qui prend forme avec la pose et le scellement termin\u00e9 des bastaings :))<\/p>\n<p><a href=\"http:\/\/www.aspacam.org\/wp-content\/uploads\/2016\/03\/IMG_3728.jpg\"><img decoding=\"async\" loading=\"lazy\" class=\"alignleft size-thumbnail wp-image-783\" src=\"http:\/\/www.aspacam.org\/wp-content\/uploads\/2016\/03\/IMG_3728-150x150.jpg\" alt=\"IMG_3728\" width=\"150\" height=\"150\" \/><\/a><\/p>\n<p>&nbsp;<\/p>\n<p>&nbsp;<\/p>\n<p>&nbsp;<\/p>\n<p>&nbsp;<\/p>\n<p><strong>Bilan de la journ\u00e9e brico V3 :<\/strong> pose de 3\/4 des bastaings qui soutiendront le plancher. Quelques photos de cette journ\u00e9e :<\/p>\n<p><a href=\"http:\/\/www.aspacam.org\/wp-content\/uploads\/2016\/04\/IMG_3624.jpg\" rel=\"attachment wp-att-749\"><img decoding=\"async\" loading=\"lazy\" class=\"wp-image-749 size-thumbnail alignleft\" src=\"http:\/\/www.aspacam.org\/wp-content\/uploads\/2016\/04\/IMG_3624-150x150.jpg\" alt=\"IMG_3624\" width=\"150\" height=\"150\" \/><\/a>\u00a0 \u00a0<a href=\"http:\/\/www.aspacam.org\/wp-content\/uploads\/2016\/04\/IMG_3626.jpg\" rel=\"attachment wp-att-751\"><br \/>\n<\/a><\/p>\n<p>&nbsp;<\/p>\n<p>&nbsp;<\/p>\n<p>&nbsp;<\/p>\n<p><a href=\"http:\/\/www.aspacam.org\/wp-content\/uploads\/2016\/04\/IMG_3629.jpg\" rel=\"attachment wp-att-754\"><img decoding=\"async\" loading=\"lazy\" class=\"wp-image-754 size-thumbnail alignleft\" src=\"http:\/\/www.aspacam.org\/wp-content\/uploads\/2016\/04\/IMG_3629-150x150.jpg\" alt=\"IMG_3629\" width=\"150\" height=\"150\" \/>\u00a0<\/a>\u00a0\u00a0<a href=\"http:\/\/www.aspacam.org\/wp-content\/uploads\/2016\/04\/IMG_20160331_133009.jpg\" rel=\"attachment wp-att-757\">\u00a0\u00a0<\/a><\/p>\n<p>&nbsp;<\/p>\n<p>&nbsp;<\/p>\n<p>&nbsp;<\/p>\n<p><a href=\"http:\/\/www.aspacam.org\/wp-content\/uploads\/2016\/04\/IMG_20160331_133009.jpg\" rel=\"attachment wp-att-757\"><img decoding=\"async\" loading=\"lazy\" class=\"wp-image-757 size-thumbnail alignleft\" src=\"http:\/\/www.aspacam.org\/wp-content\/uploads\/2016\/04\/IMG_20160331_133009-150x150.jpg\" alt=\"IMG_20160331_133009\" width=\"150\" height=\"150\" \/><\/a><\/p>\n<p>&nbsp;<\/p>\n<p>&nbsp;<\/p>\n<p>&nbsp;<\/p>\n<p>&nbsp;<\/p>\n<p><a href=\"http:\/\/www.aspacam.org\/wp-content\/uploads\/2016\/04\/IMG_3625.jpg\" rel=\"attachment wp-att-750\"><img decoding=\"async\" loading=\"lazy\" class=\"wp-image-750 size-thumbnail alignleft\" src=\"http:\/\/www.aspacam.org\/wp-content\/uploads\/2016\/04\/IMG_3625-150x150.jpg\" alt=\"IMG_3625\" width=\"150\" height=\"150\" \/><\/a><\/p>\n<p>&nbsp;<\/p>\n<p>&nbsp;<\/p>\n<p>&nbsp;<\/p>\n<p>&nbsp;<\/p>\n<p><a href=\"http:\/\/www.aspacam.org\/wp-content\/uploads\/2016\/04\/IMG_3630.jpg\" rel=\"attachment wp-att-755\"><img decoding=\"async\" loading=\"lazy\" class=\"alignleft wp-image-755 size-thumbnail\" src=\"http:\/\/www.aspacam.org\/wp-content\/uploads\/2016\/04\/IMG_3630-150x150.jpg\" alt=\"IMG_3630\" width=\"150\" height=\"150\" \/><\/a><\/p>\n<p>&nbsp;<\/p>\n<p>&nbsp;<\/p>\n<p>&nbsp;<\/p>\n<p>&nbsp;<\/p>\n<p><a href=\"http:\/\/www.aspacam.org\/wp-content\/uploads\/2016\/04\/IMG_3631.jpg\" rel=\"attachment wp-att-756\"><img decoding=\"async\" loading=\"lazy\" class=\"alignleft wp-image-756 size-thumbnail\" src=\"http:\/\/www.aspacam.org\/wp-content\/uploads\/2016\/04\/IMG_3631-150x150.jpg\" alt=\"IMG_3631\" width=\"150\" height=\"150\" \/><\/a><\/p>\n<p>&nbsp;<\/p>\n<p>&nbsp;<\/p>\n<p>&nbsp;<\/p>\n<p>&nbsp;<\/p>\n<p><a href=\"http:\/\/www.aspacam.org\/wp-content\/uploads\/2016\/04\/IMG_20160331_163653.jpg\" rel=\"attachment wp-att-758\"><img decoding=\"async\" loading=\"lazy\" class=\"wp-image-758 size-thumbnail alignleft\" src=\"http:\/\/www.aspacam.org\/wp-content\/uploads\/2016\/04\/IMG_20160331_163653-150x150.jpg\" alt=\"IMG_20160331_163653\" width=\"150\" height=\"150\" \/><\/a><\/p>\n<p>&nbsp;<\/p>\n<p>&nbsp;<\/p>\n<p>&nbsp;<\/p>\n<p>&nbsp;<\/p>\n<p><a href=\"http:\/\/www.aspacam.org\/wp-content\/uploads\/2016\/04\/IMG_3628.jpg\" rel=\"attachment wp-att-753\"><img decoding=\"async\" loading=\"lazy\" class=\"wp-image-753 size-thumbnail alignleft\" src=\"http:\/\/www.aspacam.org\/wp-content\/uploads\/2016\/04\/IMG_3628-150x150.jpg\" alt=\"IMG_3628\" width=\"150\" height=\"150\" \/><\/a><\/p>\n<p>&nbsp;<\/p>\n<p>&nbsp;<\/p>\n<p>&nbsp;<\/p>\n<p>&nbsp;<\/p>\n<p><a href=\"http:\/\/www.aspacam.org\/wp-content\/uploads\/2016\/04\/IMG_3627.jpg\" rel=\"attachment wp-att-752\"><img decoding=\"async\" loading=\"lazy\" class=\"wp-image-752 size-thumbnail alignleft\" src=\"http:\/\/www.aspacam.org\/wp-content\/uploads\/2016\/04\/IMG_3627-150x150.jpg\" alt=\"IMG_3627\" width=\"150\" height=\"150\" \/><\/a><\/p>\n<p>&nbsp;<\/p>\n<p>&nbsp;<\/p>\n<p>&nbsp;<\/p>\n<p>&nbsp;<\/p>\n<p><a href=\"http:\/\/www.aspacam.org\/wp-content\/uploads\/2016\/04\/IMG_3626.jpg\" rel=\"attachment wp-att-751\"><img decoding=\"async\" loading=\"lazy\" class=\"wp-image-751 size-thumbnail alignleft\" src=\"http:\/\/www.aspacam.org\/wp-content\/uploads\/2016\/04\/IMG_3626-150x150.jpg\" alt=\"IMG_3626\" width=\"150\" height=\"150\" \/><\/a><\/p>\n<p>&nbsp;<\/p>\n<p>&nbsp;<\/p>\n<p>&nbsp;<\/p>\n<p>&nbsp;<\/p>\n<p><strong>Bilan journ\u00e9e brico V2 :<\/strong> montage des murs de sout\u00e8nement de la terrasse &amp; bricolages int\u00e9rieurs divers (pose enceinte, projecteur, fixation sac de frappe, montage des tables et chaises de bar, rangement des nouveaux ustensiles de cuisine, identification des probl\u00e8mes \u00e9lectriques avec les \u00e9clairages ext\u00e9rieurs)<\/p>\n<p><a href=\"http:\/\/www.aspacam.org\/wp-content\/uploads\/2016\/04\/Brico-terrasse.jpg\" rel=\"attachment wp-att-764\"><img decoding=\"async\" loading=\"lazy\" class=\"alignleft size-thumbnail wp-image-764\" src=\"http:\/\/www.aspacam.org\/wp-content\/uploads\/2016\/04\/Brico-terrasse-150x150.jpg\" alt=\"Brico terrasse\" width=\"150\" height=\"150\" \/><\/a><\/p>\n<p>&nbsp;<\/p>\n<p>&nbsp;<\/p>\n<p>&nbsp;<\/p>\n<p>&nbsp;<\/p>\n<p><strong>Bilan journ\u00e9e brico V1 : <\/strong>c\u00e2blage ethernet vers le gymnase, nettoyage des locaux et tri parmi les antiquit\u00e9s et d\u00e9chets laiss\u00e9s ici et l\u00e0, \u00e9tiquetage et r\u00e9f\u00e9rencement des biens de l&rsquo;association.<\/p>\n","protected":false},"excerpt":{"rendered":"<p>Reste \u00e0 faire : fin de pose des bastaings pose du plancher inauguration de la terrasse de 84 m2 ;)) changement barri\u00e8re du parking retourner d\u00e9tecteur pr\u00e9sence de l&rsquo;entr\u00e9e vers le bas mettre nouveaux interrupteurs pour \u00e9clairage ext\u00e9rieurs branchement \u00e9clairages ext\u00e9rieurs sur boite de d\u00e9rivation changement interrupteurs pour mettre t\u00e9moins lumineux changement des grooms de &hellip; <a href=\"http:\/\/www.aspacam.org\/?page_id=748\" class=\"more-link\">Continuer la lecture de <span class=\"screen-reader-text\">Journ\u00e9es bricolage<\/span> <span class=\"meta-nav\">&rarr;<\/span><\/a><\/p>\n","protected":false},"author":1,"featured_media":0,"parent":2,"menu_order":0,"comment_status":"closed","ping_status":"closed","template":"","meta":{"_mi_skip_tracking":false},"_links":{"self":[{"href":"http:\/\/www.aspacam.org\/index.php?rest_route=\/wp\/v2\/pages\/748"}],"collection":[{"href":"http:\/\/www.aspacam.org\/index.php?rest_route=\/wp\/v2\/pages"}],"about":[{"href":"http:\/\/www.aspacam.org\/index.php?rest_route=\/wp\/v2\/types\/page"}],"author":[{"embeddable":true,"href":"http:\/\/www.aspacam.org\/index.php?rest_route=\/wp\/v2\/users\/1"}],"replies":[{"embeddable":true,"href":"http:\/\/www.aspacam.org\/index.php?rest_route=%2Fwp%2Fv2%2Fcomments&post=748"}],"version-history":[{"count":9,"href":"http:\/\/www.aspacam.org\/index.php?rest_route=\/wp\/v2\/pages\/748\/revisions"}],"predecessor-version":[{"id":867,"href":"http:\/\/www.aspacam.org\/index.php?rest_route=\/wp\/v2\/pages\/748\/revisions\/867"}],"up":[{"embeddable":true,"href":"http:\/\/www.aspacam.org\/index.php?rest_route=\/wp\/v2\/pages\/2"}],"wp:attachment":[{"href":"http:\/\/www.aspacam.org\/index.php?rest_route=%2Fwp%2Fv2%2Fmedia&parent=748"}],"curies":[{"name":"wp","href":"https:\/\/api.w.org\/{rel}","templated":true}]}}

Journées bricolage

<p>Reste à faire :</p>
<ul>
<li><del>fin de pose des bastaings</del></li>
<li><del>pose du plancher</del></li>
<li><del>inauguration de la terrasse de 84 m2 ;))</del></li>
<li><del>changement barrière du parking</del></li>
<li><del>retourner détecteur présence de l&rsquo;entrée vers le bas</del></li>
<li><del>mettre nouveaux interrupteurs pour éclairage extérieurs</del></li>
<li><del>branchement éclairages extérieurs sur boite de dérivation</del></li>
<li><del>changement interrupteurs pour mettre témoins lumineux</del></li>
<li>changement des grooms de portes</li>
<li>remblaiement du jardin pour niveler et rattraper hauteur de terrasse (à voir avec chantier médiathèque)</li>
<li>pose d&rsquo;une clôture sur terrain</li>
<li>plantation d&rsquo;une haie vive</li>
<li>changement du portail côté Total</li>
</ul>
<p><strong>Bilan de la journée brico V5&#8230; : </strong>terrasse terminée, inauguration lors du pot de départ de Gérald, Elo &amp; Isabelle.</p>
<p><a href="http://www.aspacam.org/wp-content/uploads/2016/04/20160512_185942.jpg"><img decoding="async" loading="lazy" class="alignleft size-thumbnail wp-image-865" src="http://www.aspacam.org/wp-content/uploads/2016/04/20160512_185942-150x150.jpg" alt="20160512_185942" width="150" height="150" /></a></p>
<p>&nbsp;</p>
<p>&nbsp;</p>
<p>&nbsp;</p>
<p>&nbsp;</p>
<p><a href="http://www.aspacam.org/wp-content/uploads/2016/04/20160512_185906.jpg"><img decoding="async" loading="lazy" class="alignleft size-thumbnail wp-image-866" src="http://www.aspacam.org/wp-content/uploads/2016/04/20160512_185906-150x150.jpg" alt="20160512_185906" width="150" height="150" /></a></p>
<p>&nbsp;</p>
<p>&nbsp;</p>
<p>&nbsp;</p>
<p>&nbsp;</p>
<p><strong>Journée brico V5 : </strong>jeudi 21/04/16 9h30</p>
<p><strong>Bilan de la journée brico V4 : </strong>Thierry &amp; Boudi auront bien mérité leur plaque sur cette terrasse qui prend forme avec la pose et le scellement terminé des bastaings :))</p>
<p><a href="http://www.aspacam.org/wp-content/uploads/2016/03/IMG_3728.jpg"><img decoding="async" loading="lazy" class="alignleft size-thumbnail wp-image-783" src="http://www.aspacam.org/wp-content/uploads/2016/03/IMG_3728-150x150.jpg" alt="IMG_3728" width="150" height="150" /></a></p>
<p>&nbsp;</p>
<p>&nbsp;</p>
<p>&nbsp;</p>
<p>&nbsp;</p>
<p><strong>Bilan de la journée brico V3 :</strong> pose de 3/4 des bastaings qui soutiendront le plancher. Quelques photos de cette journée :</p>
<p><a href="http://www.aspacam.org/wp-content/uploads/2016/04/IMG_3624.jpg" rel="attachment wp-att-749"><img decoding="async" loading="lazy" class="wp-image-749 size-thumbnail alignleft" src="http://www.aspacam.org/wp-content/uploads/2016/04/IMG_3624-150x150.jpg" alt="IMG_3624" width="150" height="150" /></a>   <a href="http://www.aspacam.org/wp-content/uploads/2016/04/IMG_3626.jpg" rel="attachment wp-att-751"><br />
</a></p>
<p>&nbsp;</p>
<p>&nbsp;</p>
<p>&nbsp;</p>
<p><a href="http://www.aspacam.org/wp-content/uploads/2016/04/IMG_3629.jpg" rel="attachment wp-att-754"><img decoding="async" loading="lazy" class="wp-image-754 size-thumbnail alignleft" src="http://www.aspacam.org/wp-content/uploads/2016/04/IMG_3629-150x150.jpg" alt="IMG_3629" width="150" height="150" /> </a>  <a href="http://www.aspacam.org/wp-content/uploads/2016/04/IMG_20160331_133009.jpg" rel="attachment wp-att-757">  </a></p>
<p>&nbsp;</p>
<p>&nbsp;</p>
<p>&nbsp;</p>
<p><a href="http://www.aspacam.org/wp-content/uploads/2016/04/IMG_20160331_133009.jpg" rel="attachment wp-att-757"><img decoding="async" loading="lazy" class="wp-image-757 size-thumbnail alignleft" src="http://www.aspacam.org/wp-content/uploads/2016/04/IMG_20160331_133009-150x150.jpg" alt="IMG_20160331_133009" width="150" height="150" /></a></p>
<p>&nbsp;</p>
<p>&nbsp;</p>
<p>&nbsp;</p>
<p>&nbsp;</p>
<p><a href="http://www.aspacam.org/wp-content/uploads/2016/04/IMG_3625.jpg" rel="attachment wp-att-750"><img decoding="async" loading="lazy" class="wp-image-750 size-thumbnail alignleft" src="http://www.aspacam.org/wp-content/uploads/2016/04/IMG_3625-150x150.jpg" alt="IMG_3625" width="150" height="150" /></a></p>
<p>&nbsp;</p>
<p>&nbsp;</p>
<p>&nbsp;</p>
<p>&nbsp;</p>
<p><a href="http://www.aspacam.org/wp-content/uploads/2016/04/IMG_3630.jpg" rel="attachment wp-att-755"><img decoding="async" loading="lazy" class="alignleft wp-image-755 size-thumbnail" src="http://www.aspacam.org/wp-content/uploads/2016/04/IMG_3630-150x150.jpg" alt="IMG_3630" width="150" height="150" /></a></p>
<p>&nbsp;</p>
<p>&nbsp;</p>
<p>&nbsp;</p>
<p>&nbsp;</p>
<p><a href="http://www.aspacam.org/wp-content/uploads/2016/04/IMG_3631.jpg" rel="attachment wp-att-756"><img decoding="async" loading="lazy" class="alignleft wp-image-756 size-thumbnail" src="http://www.aspacam.org/wp-content/uploads/2016/04/IMG_3631-150x150.jpg" alt="IMG_3631" width="150" height="150" /></a></p>
<p>&nbsp;</p>
<p>&nbsp;</p>
<p>&nbsp;</p>
<p>&nbsp;</p>
<p><a href="http://www.aspacam.org/wp-content/uploads/2016/04/IMG_20160331_163653.jpg" rel="attachment wp-att-758"><img decoding="async" loading="lazy" class="wp-image-758 size-thumbnail alignleft" src="http://www.aspacam.org/wp-content/uploads/2016/04/IMG_20160331_163653-150x150.jpg" alt="IMG_20160331_163653" width="150" height="150" /></a></p>
<p>&nbsp;</p>
<p>&nbsp;</p>
<p>&nbsp;</p>
<p>&nbsp;</p>
<p><a href="http://www.aspacam.org/wp-content/uploads/2016/04/IMG_3628.jpg" rel="attachment wp-att-753"><img decoding="async" loading="lazy" class="wp-image-753 size-thumbnail alignleft" src="http://www.aspacam.org/wp-content/uploads/2016/04/IMG_3628-150x150.jpg" alt="IMG_3628" width="150" height="150" /></a></p>
<p>&nbsp;</p>
<p>&nbsp;</p>
<p>&nbsp;</p>
<p>&nbsp;</p>
<p><a href="http://www.aspacam.org/wp-content/uploads/2016/04/IMG_3627.jpg" rel="attachment wp-att-752"><img decoding="async" loading="lazy" class="wp-image-752 size-thumbnail alignleft" src="http://www.aspacam.org/wp-content/uploads/2016/04/IMG_3627-150x150.jpg" alt="IMG_3627" width="150" height="150" /></a></p>
<p>&nbsp;</p>
<p>&nbsp;</p>
<p>&nbsp;</p>
<p>&nbsp;</p>
<p><a href="http://www.aspacam.org/wp-content/uploads/2016/04/IMG_3626.jpg" rel="attachment wp-att-751"><img decoding="async" loading="lazy" class="wp-image-751 size-thumbnail alignleft" src="http://www.aspacam.org/wp-content/uploads/2016/04/IMG_3626-150x150.jpg" alt="IMG_3626" width="150" height="150" /></a></p>
<p>&nbsp;</p>
<p>&nbsp;</p>
<p>&nbsp;</p>
<p>&nbsp;</p>
<p><strong>Bilan journée brico V2 :</strong> montage des murs de soutènement de la terrasse &amp; bricolages intérieurs divers (pose enceinte, projecteur, fixation sac de frappe, montage des tables et chaises de bar, rangement des nouveaux ustensiles de cuisine, identification des problèmes électriques avec les éclairages extérieurs)</p>
<p><a href="http://www.aspacam.org/wp-content/uploads/2016/04/Brico-terrasse.jpg" rel="attachment wp-att-764"><img decoding="async" loading="lazy" class="alignleft size-thumbnail wp-image-764" src="http://www.aspacam.org/wp-content/uploads/2016/04/Brico-terrasse-150x150.jpg" alt="Brico terrasse" width="150" height="150" /></a></p>
<p>&nbsp;</p>
<p>&nbsp;</p>
<p>&nbsp;</p>
<p>&nbsp;</p>
<p><strong>Bilan journée brico V1 : </strong>câblage ethernet vers le gymnase, nettoyage des locaux et tri parmi les antiquités et déchets laissés ici et là, étiquetage et référencement des biens de l&rsquo;association.</p>

<p>Reste à faire : fin de pose des bastaings pose du plancher inauguration de la terrasse de 84 m2 ;)) changement barrière du parking retourner détecteur présence de l&rsquo;entrée vers le bas mettre nouveaux interrupteurs pour éclairage extérieurs branchement éclairages extérieurs sur boite de dérivation changement interrupteurs pour mettre témoins lumineux changement des grooms de &hellip; <a href="http://www.aspacam.org/?page_id=748" class="more-link">Continuer la lecture de <span class="screen-reader-text">Journées bricolage</span> <span class="meta-nav">&rarr;</span></a></p>
