{"id":71,"date":"2014-03-10T11:47:34","date_gmt":"2014-03-10T10:47:34","guid":{"rendered":"http:\/\/www.aspacam.org\/?page_id=71"},"modified":"2014-04-24T20:51:02","modified_gmt":"2014-04-24T19:51:02","slug":"les-locaux","status":"publish","type":"page","link":"http:\/\/www.aspacam.org\/?page_id=71","title":{"rendered":"Les locaux"},"content":{"rendered":"<p><img decoding=\"async\" loading=\"lazy\" src=\"http:\/\/www.aspacam.org\/wp-content\/uploads\/2014\/03\/ASPACAM.jpg\" width=\"640\" height=\"332\" \/><\/p>\n<p>L&rsquo;ASPACAM dispose d&rsquo;un Gymnase, d&rsquo;une salle de musique et de la salle de m\u00e9diath\u00e8que.<\/p>\n<p>Le Gymnase est utilis\u00e9 par certains cours ou activit\u00e9s propos\u00e9es par l&rsquo;ASPACAM<\/p>\n<p>Il peut aussi, avec l&rsquo;accord du bureau, \u00eatre mis \u00e0 disposition d&rsquo;un ou plusieurs adh\u00e9rent pour une p\u00e9riode donn\u00e9e. ( voir onglet r\u00e9servation )<\/p>\n<p>&nbsp;<\/p>\n<p>La salle de musique est utilis\u00e9e par la section musique de l&rsquo;ASPACAM.<\/p>\n<p>Le r\u00e9f\u00e9rent de la section musique, est responsable de la gestion de cette salle.<\/p>\n","protected":false},"excerpt":{"rendered":"<p>L&rsquo;ASPACAM dispose d&rsquo;un Gymnase, d&rsquo;une salle de musique et de la salle de m\u00e9diath\u00e8que. Le Gymnase est utilis\u00e9 par certains cours ou activit\u00e9s propos\u00e9es par l&rsquo;ASPACAM Il peut aussi, avec l&rsquo;accord du bureau, \u00eatre mis \u00e0 disposition d&rsquo;un ou plusieurs adh\u00e9rent pour une p\u00e9riode donn\u00e9e. ( voir onglet r\u00e9servation ) &nbsp; La salle de musique &hellip; <a href=\"http:\/\/www.aspacam.org\/?page_id=71\" class=\"more-link\">Continuer la lecture de <span class=\"screen-reader-text\">Les locaux<\/span> <span class=\"meta-nav\">&rarr;<\/span><\/a><\/p>\n","protected":false},"author":1,"featured_media":0,"parent":67,"menu_order":0,"comment_status":"closed","ping_status":"open","template":"","meta":{"_mi_skip_tracking":false},"_links":{"self":[{"href":"http:\/\/www.aspacam.org\/index.php?rest_route=\/wp\/v2\/pages\/71"}],"collection":[{"href":"http:\/\/www.aspacam.org\/index.php?rest_route=\/wp\/v2\/pages"}],"about":[{"href":"http:\/\/www.aspacam.org\/index.php?rest_route=\/wp\/v2\/types\/page"}],"author":[{"embeddable":true,"href":"http:\/\/www.aspacam.org\/index.php?rest_route=\/wp\/v2\/users\/1"}],"replies":[{"embeddable":true,"href":"http:\/\/www.aspacam.org\/index.php?rest_route=%2Fwp%2Fv2%2Fcomments&post=71"}],"version-history":[{"count":7,"href":"http:\/\/www.aspacam.org\/index.php?rest_route=\/wp\/v2\/pages\/71\/revisions"}],"predecessor-version":[{"id":337,"href":"http:\/\/www.aspacam.org\/index.php?rest_route=\/wp\/v2\/pages\/71\/revisions\/337"}],"up":[{"embeddable":true,"href":"http:\/\/www.aspacam.org\/index.php?rest_route=\/wp\/v2\/pages\/67"}],"wp:attachment":[{"href":"http:\/\/www.aspacam.org\/index.php?rest_route=%2Fwp%2Fv2%2Fmedia&parent=71"}],"curies":[{"name":"wp","href":"https:\/\/api.w.org\/{rel}","templated":true}]}}

<p><img decoding="async" loading="lazy" src="http://www.aspacam.org/wp-content/uploads/2014/03/ASPACAM.jpg" width="640" height="332" /></p>
<p>L&rsquo;ASPACAM dispose d&rsquo;un Gymnase, d&rsquo;une salle de musique et de la salle de médiathèque.</p>
<p>Le Gymnase est utilisé par certains cours ou activités proposées par l&rsquo;ASPACAM</p>
<p>Il peut aussi, avec l&rsquo;accord du bureau, être mis à disposition d&rsquo;un ou plusieurs adhérent pour une période donnée. ( voir onglet réservation )</p>
<p>&nbsp;</p>
<p>La salle de musique est utilisée par la section musique de l&rsquo;ASPACAM.</p>
<p>Le référent de la section musique, est responsable de la gestion de cette salle.</p>

<p>L&rsquo;ASPACAM dispose d&rsquo;un Gymnase, d&rsquo;une salle de musique et de la salle de médiathèque. Le Gymnase est utilisé par certains cours ou activités proposées par l&rsquo;ASPACAM Il peut aussi, avec l&rsquo;accord du bureau, être mis à disposition d&rsquo;un ou plusieurs adhérent pour une période donnée. ( voir onglet réservation ) &nbsp; La salle de musique &hellip; <a href="http://www.aspacam.org/?page_id=71" class="more-link">Continuer la lecture de <span class="screen-reader-text">Les locaux</span> <span class="meta-nav">&rarr;</span></a></p>
