{"id":69,"date":"2014-03-10T11:47:20","date_gmt":"2014-03-10T10:47:20","guid":{"rendered":"http:\/\/www.aspacam.org\/?page_id=69"},"modified":"2025-03-21T21:53:18","modified_gmt":"2025-03-21T20:53:18","slug":"le-bureau","status":"publish","type":"page","link":"http:\/\/www.aspacam.org\/?page_id=69","title":{"rendered":"Le bureau"},"content":{"rendered":"\n<p class=\"has-text-align-center\">Depuis l&rsquo;assembl\u00e9e g\u00e9n\u00e9rale du 21 mars 2025, le bureau de l&rsquo;ASPACAM est compos\u00e9 de :<\/p>\n\n\n\n<p class=\"has-text-align-center\">Pr\u00e9sident :<br><a href=\"http:\/\/mailto:laurentbalaguer@hotmail.com\">Laurent Balaguer<\/a><\/p>\n\n\n\n<p class=\"has-text-align-center\">Pr\u00e9sident adjoint :<br><a href=\"mailto:nicolas.piboyeu@gmail.com\">Nicolas Piboyeu<\/a><\/p>\n\n\n\n<p class=\"has-text-align-center\">Tr\u00e9sorier :<br><a href=\"mailto:didier.delena@aviation-civile.gouv.fr\" target=\"_blank\" rel=\"noopener noreferrer\">Didier Delena<\/a><\/p>\n\n\n\n<p class=\"has-text-align-center\">Tr\u00e9sorier adjoint :<br><a href=\"mailto:lydie.bosc@aviation-civile.gouv.fr\" target=\"_blank\" rel=\"noopener noreferrer\">Lydie Bosc<\/a><\/p>\n\n\n\n<p class=\"has-text-align-center\">Secr\u00e9taire :<br><a href=\"mailto:camillevachin@gmail.com\" target=\"_blank\" rel=\"noopener noreferrer\">Camille Vachin<\/a><\/p>\n\n\n\n<p class=\"has-text-align-center\">Secr\u00e9taire adjoint :<br>Non pourvu<\/p>\n\n\n\n<p class=\"has-text-align-center\"><\/p>\n","protected":false},"excerpt":{"rendered":"<p>Depuis l&rsquo;assembl\u00e9e g\u00e9n\u00e9rale du 21 mars 2025, le bureau de l&rsquo;ASPACAM est compos\u00e9 de : Pr\u00e9sident :Laurent Balaguer Pr\u00e9sident adjoint :Nicolas Piboyeu Tr\u00e9sorier :Didier Delena Tr\u00e9sorier adjoint :Lydie Bosc Secr\u00e9taire :Camille Vachin Secr\u00e9taire adjoint :Non pourvu<\/p>\n","protected":false},"author":1,"featured_media":0,"parent":67,"menu_order":0,"comment_status":"closed","ping_status":"open","template":"","meta":{"_mi_skip_tracking":false},"_links":{"self":[{"href":"http:\/\/www.aspacam.org\/index.php?rest_route=\/wp\/v2\/pages\/69"}],"collection":[{"href":"http:\/\/www.aspacam.org\/index.php?rest_route=\/wp\/v2\/pages"}],"about":[{"href":"http:\/\/www.aspacam.org\/index.php?rest_route=\/wp\/v2\/types\/page"}],"author":[{"embeddable":true,"href":"http:\/\/www.aspacam.org\/index.php?rest_route=\/wp\/v2\/users\/1"}],"replies":[{"embeddable":true,"href":"http:\/\/www.aspacam.org\/index.php?rest_route=%2Fwp%2Fv2%2Fcomments&post=69"}],"version-history":[{"count":18,"href":"http:\/\/www.aspacam.org\/index.php?rest_route=\/wp\/v2\/pages\/69\/revisions"}],"predecessor-version":[{"id":11946,"href":"http:\/\/www.aspacam.org\/index.php?rest_route=\/wp\/v2\/pages\/69\/revisions\/11946"}],"up":[{"embeddable":true,"href":"http:\/\/www.aspacam.org\/index.php?rest_route=\/wp\/v2\/pages\/67"}],"wp:attachment":[{"href":"http:\/\/www.aspacam.org\/index.php?rest_route=%2Fwp%2Fv2%2Fmedia&parent=69"}],"curies":[{"name":"wp","href":"https:\/\/api.w.org\/{rel}","templated":true}]}}

<p class="has-text-align-center">Depuis l&rsquo;assemblée générale du 21 mars 2025, le bureau de l&rsquo;ASPACAM est composé de :</p>



<p class="has-text-align-center">Président :<br><a href="http://mailto:laurentbalaguer@hotmail.com">Laurent Balaguer</a></p>



<p class="has-text-align-center">Président adjoint :<br><a href="mailto:nicolas.piboyeu@gmail.com">Nicolas Piboyeu</a></p>



<p class="has-text-align-center">Trésorier :<br><a href="mailto:didier.delena@aviation-civile.gouv.fr" target="_blank" rel="noopener noreferrer">Didier Delena</a></p>



<p class="has-text-align-center">Trésorier adjoint :<br><a href="mailto:lydie.bosc@aviation-civile.gouv.fr" target="_blank" rel="noopener noreferrer">Lydie Bosc</a></p>



<p class="has-text-align-center">Secrétaire :<br><a href="mailto:camillevachin@gmail.com" target="_blank" rel="noopener noreferrer">Camille Vachin</a></p>



<p class="has-text-align-center">Secrétaire adjoint :<br>Non pourvu</p>



<p class="has-text-align-center"></p>

<p>Depuis l&rsquo;assemblée générale du 21 mars 2025, le bureau de l&rsquo;ASPACAM est composé de : Président :Laurent Balaguer Président adjoint :Nicolas Piboyeu Trésorier :Didier Delena Trésorier adjoint :Lydie Bosc Secrétaire :Camille Vachin Secrétaire adjoint :Non pourvu</p>
