{"id":63,"date":"2014-03-10T11:45:53","date_gmt":"2014-03-10T10:45:53","guid":{"rendered":"http:\/\/www.aspacam.org\/?page_id=63"},"modified":"2015-12-07T11:39:50","modified_gmt":"2015-12-07T10:39:50","slug":"gym","status":"publish","type":"page","link":"http:\/\/www.aspacam.org\/?page_id=63","title":{"rendered":"Gymnastique"},"content":{"rendered":"<p><img decoding=\"async\" src=\"http:\/\/www.aspacam.org\/wp-content\/uploads\/2014\/03\/1__6_.jpg\" alt=\"\" \/><\/p>\n<p>Responsable de l&rsquo;activit\u00e9 : <a href=\"mailto:sylvie.jasselin@aviation-civile.gouv.fr\">Sylvie Jasselin<\/a><\/p>\n<p>L&rsquo;activit\u00e9 \u00e0 lieu dans le gymnase de l&rsquo;ASPACAM tous les mardi de 12h15 \u00e0 13h15 et les jeudi de 17h30 \u00e0 18h30<\/p>\n<p>Les cours sont dispens\u00e9s par un professeur agr\u00e9\u00e9.<\/p>\n<p>La participation \u00e0 cette activit\u00e9 engendre une cotisation sp\u00e9ciale de 150\u20ac pour les agents DGAC et M\u00e9t\u00e9o et 216\u20ac pour les ext\u00e9rieurs, payables par trimestre.<\/p>\n","protected":false},"excerpt":{"rendered":"<p>Responsable de l&rsquo;activit\u00e9 : Sylvie Jasselin L&rsquo;activit\u00e9 \u00e0 lieu dans le gymnase de l&rsquo;ASPACAM tous les mardi de 12h15 \u00e0 13h15 et les jeudi de 17h30 \u00e0 18h30 Les cours sont dispens\u00e9s par un professeur agr\u00e9\u00e9. La participation \u00e0 cette activit\u00e9 engendre une cotisation sp\u00e9ciale de 150\u20ac pour les agents DGAC et M\u00e9t\u00e9o et 216\u20ac &hellip; <a href=\"http:\/\/www.aspacam.org\/?page_id=63\" class=\"more-link\">Continuer la lecture de <span class=\"screen-reader-text\">Gymnastique<\/span> <span class=\"meta-nav\">&rarr;<\/span><\/a><\/p>\n","protected":false},"author":1,"featured_media":0,"parent":2,"menu_order":3,"comment_status":"closed","ping_status":"closed","template":"","meta":{"_mi_skip_tracking":false},"_links":{"self":[{"href":"http:\/\/www.aspacam.org\/index.php?rest_route=\/wp\/v2\/pages\/63"}],"collection":[{"href":"http:\/\/www.aspacam.org\/index.php?rest_route=\/wp\/v2\/pages"}],"about":[{"href":"http:\/\/www.aspacam.org\/index.php?rest_route=\/wp\/v2\/types\/page"}],"author":[{"embeddable":true,"href":"http:\/\/www.aspacam.org\/index.php?rest_route=\/wp\/v2\/users\/1"}],"replies":[{"embeddable":true,"href":"http:\/\/www.aspacam.org\/index.php?rest_route=%2Fwp%2Fv2%2Fcomments&post=63"}],"version-history":[{"count":10,"href":"http:\/\/www.aspacam.org\/index.php?rest_route=\/wp\/v2\/pages\/63\/revisions"}],"predecessor-version":[{"id":571,"href":"http:\/\/www.aspacam.org\/index.php?rest_route=\/wp\/v2\/pages\/63\/revisions\/571"}],"up":[{"embeddable":true,"href":"http:\/\/www.aspacam.org\/index.php?rest_route=\/wp\/v2\/pages\/2"}],"wp:attachment":[{"href":"http:\/\/www.aspacam.org\/index.php?rest_route=%2Fwp%2Fv2%2Fmedia&parent=63"}],"curies":[{"name":"wp","href":"https:\/\/api.w.org\/{rel}","templated":true}]}}

<p><img decoding="async" src="http://www.aspacam.org/wp-content/uploads/2014/03/1__6_.jpg" alt="" /></p>
<p>Responsable de l&rsquo;activité : <a href="mailto:sylvie.jasselin@aviation-civile.gouv.fr">Sylvie Jasselin</a></p>
<p>L&rsquo;activité à lieu dans le gymnase de l&rsquo;ASPACAM tous les mardi de 12h15 à 13h15 et les jeudi de 17h30 à 18h30</p>
<p>Les cours sont dispensés par un professeur agréé.</p>
<p>La participation à cette activité engendre une cotisation spéciale de 150€ pour les agents DGAC et Météo et 216€ pour les extérieurs, payables par trimestre.</p>

<p>Responsable de l&rsquo;activité : Sylvie Jasselin L&rsquo;activité à lieu dans le gymnase de l&rsquo;ASPACAM tous les mardi de 12h15 à 13h15 et les jeudi de 17h30 à 18h30 Les cours sont dispensés par un professeur agréé. La participation à cette activité engendre une cotisation spéciale de 150€ pour les agents DGAC et Météo et 216€ &hellip; <a href="http://www.aspacam.org/?page_id=63" class="more-link">Continuer la lecture de <span class="screen-reader-text">Gymnastique</span> <span class="meta-nav">&rarr;</span></a></p>
