{"id":28,"date":"2013-02-26T20:13:12","date_gmt":"2013-02-26T19:13:12","guid":{"rendered":"http:\/\/www.aspacam.org\/?page_id=28"},"modified":"2014-04-24T20:44:12","modified_gmt":"2014-04-24T19:44:12","slug":"voile","status":"publish","type":"page","link":"http:\/\/www.aspacam.org\/?page_id=28","title":{"rendered":"Voile"},"content":{"rendered":"<p><img decoding=\"async\" loading=\"lazy\" src=\"http:\/\/www.aspacam.org\/wp-content\/uploads\/2014\/03\/2009-05-CNC_9_mai_6-1024x768.jpg\" width=\"640\" height=\"480\" \/><\/p>\n<p>Responsable de l&rsquo;activit\u00e9 : <a href=\"mailto:christophe.cosqueric@aviation-civile.gouv.fr\" target=\"_blank\">Christophe Cosqueric<\/a><\/p>\n<p>Cours ou mise \u00e0 disposition de planche \u00e0 voile, d\u00e9riveur et catamaran.<\/p>\n<p>Club nautique de la Grande Motte.<\/p>\n<p>Une participation est demand\u00e9 aux agents.<\/p>\n","protected":false},"excerpt":{"rendered":"<p>Responsable de l&rsquo;activit\u00e9 : Christophe Cosqueric Cours ou mise \u00e0 disposition de planche \u00e0 voile, d\u00e9riveur et catamaran. Club nautique de la Grande Motte. Une participation est demand\u00e9 aux agents.<\/p>\n","protected":false},"author":1,"featured_media":0,"parent":2,"menu_order":0,"comment_status":"closed","ping_status":"open","template":"","meta":{"_mi_skip_tracking":false},"_links":{"self":[{"href":"http:\/\/www.aspacam.org\/index.php?rest_route=\/wp\/v2\/pages\/28"}],"collection":[{"href":"http:\/\/www.aspacam.org\/index.php?rest_route=\/wp\/v2\/pages"}],"about":[{"href":"http:\/\/www.aspacam.org\/index.php?rest_route=\/wp\/v2\/types\/page"}],"author":[{"embeddable":true,"href":"http:\/\/www.aspacam.org\/index.php?rest_route=\/wp\/v2\/users\/1"}],"replies":[{"embeddable":true,"href":"http:\/\/www.aspacam.org\/index.php?rest_route=%2Fwp%2Fv2%2Fcomments&post=28"}],"version-history":[{"count":6,"href":"http:\/\/www.aspacam.org\/index.php?rest_route=\/wp\/v2\/pages\/28\/revisions"}],"predecessor-version":[{"id":331,"href":"http:\/\/www.aspacam.org\/index.php?rest_route=\/wp\/v2\/pages\/28\/revisions\/331"}],"up":[{"embeddable":true,"href":"http:\/\/www.aspacam.org\/index.php?rest_route=\/wp\/v2\/pages\/2"}],"wp:attachment":[{"href":"http:\/\/www.aspacam.org\/index.php?rest_route=%2Fwp%2Fv2%2Fmedia&parent=28"}],"curies":[{"name":"wp","href":"https:\/\/api.w.org\/{rel}","templated":true}]}}