{"id":213,"date":"2023-01-01T00:00:00","date_gmt":"2022-12-31T23:00:00","guid":{"rendered":"http:\/\/www.aspacam.org\/?page_id=213"},"modified":"2023-01-04T21:44:35","modified_gmt":"2023-01-04T20:44:35","slug":"reglement-dune-prestation-diverse","status":"publish","type":"page","link":"http:\/\/www.aspacam.org\/?page_id=213","title":{"rendered":"Achat prestation"},"content":{"rendered":"\n<p>Pour le r\u00e9glement d&rsquo;une des prestations diverses de <strong>l&rsquo;ASPACAM<\/strong> (location mat\u00e9riel, camion,  gymnase, achats billeterie, etc&#8230;) vous devez utiliser <em>HelloAsso<\/em>. \u00a0il suffit de cliquer sur le bouton ci-dessous.<\/p>\n\n\n\n<p>Soyez pr\u00e9cis dans la description de la prestation \u00e0 r\u00e9gler. Vous choisissez vous-m\u00eame votre montant.<\/p>\n\n\n<span class='mb-center maxbutton-4-center'><span class='maxbutton-4-container mb-container'><a class=\"maxbutton-4 maxbutton maxbutton-paiement-prestation\" target=\"_blank\" rel=\"noopener\" href=\"https:\/\/www.helloasso.com\/associations\/a-s-p-a-c-a-m\/paiements\/achat-prestation\"><span class='mb-text'>Achat Prestation<\/span><\/a><\/span><\/span>\n\n\n<p><\/p>\n\n\n\n<br>\n<p>Lors du r\u00e8glement le&nbsp;<strong>pourboire&nbsp;<\/strong>r\u00e9mun\u00e8re notre partenaire&nbsp;<em>HelloAsso<\/em>. Il est totalement optionnel et vous avez la possibilit\u00e9 de le&nbsp;<strong>supprimer<\/strong>.<\/p>\n\n\n\n<p><span style=\"color: #666699;\"><em>HelloAsso<\/em> s&rsquo;engage \u00e0 ne pas utiliser ou diffuser vos coordonn\u00e9es (courriel ou t\u00e9l\u00e9phone)<\/span><\/p>\n\n\n\n<p><span style=\"color: #000000;\">Pour nous faciliter la t\u00e2che merci de ne plus utiliser ch\u00e8ques ou virements. <\/span><\/p>\n","protected":false},"excerpt":{"rendered":"<p>Pour le r\u00e9glement d&rsquo;une des prestations diverses de l&rsquo;ASPACAM (location mat\u00e9riel, camion, gymnase, achats billeterie, etc&#8230;) vous devez utiliser HelloAsso. \u00a0il suffit de cliquer sur le bouton ci-dessous. Soyez pr\u00e9cis dans la description de la prestation \u00e0 r\u00e9gler. Vous choisissez vous-m\u00eame votre montant. Lors du r\u00e8glement le&nbsp;pourboire&nbsp;r\u00e9mun\u00e8re notre partenaire&nbsp;HelloAsso. Il est totalement optionnel et vous &hellip; <a href=\"http:\/\/www.aspacam.org\/?page_id=213\" class=\"more-link\">Continuer la lecture de <span class=\"screen-reader-text\">Achat prestation<\/span> <span class=\"meta-nav\">&rarr;<\/span><\/a><\/p>\n","protected":false},"author":1,"featured_media":0,"parent":0,"menu_order":0,"comment_status":"closed","ping_status":"closed","template":"","meta":{"_mi_skip_tracking":false},"_links":{"self":[{"href":"http:\/\/www.aspacam.org\/index.php?rest_route=\/wp\/v2\/pages\/213"}],"collection":[{"href":"http:\/\/www.aspacam.org\/index.php?rest_route=\/wp\/v2\/pages"}],"about":[{"href":"http:\/\/www.aspacam.org\/index.php?rest_route=\/wp\/v2\/types\/page"}],"author":[{"embeddable":true,"href":"http:\/\/www.aspacam.org\/index.php?rest_route=\/wp\/v2\/users\/1"}],"replies":[{"embeddable":true,"href":"http:\/\/www.aspacam.org\/index.php?rest_route=%2Fwp%2Fv2%2Fcomments&post=213"}],"version-history":[{"count":5,"href":"http:\/\/www.aspacam.org\/index.php?rest_route=\/wp\/v2\/pages\/213\/revisions"}],"predecessor-version":[{"id":11359,"href":"http:\/\/www.aspacam.org\/index.php?rest_route=\/wp\/v2\/pages\/213\/revisions\/11359"}],"wp:attachment":[{"href":"http:\/\/www.aspacam.org\/index.php?rest_route=%2Fwp%2Fv2%2Fmedia&parent=213"}],"curies":[{"name":"wp","href":"https:\/\/api.w.org\/{rel}","templated":true}]}}