{"id":167,"date":"2014-03-10T18:08:42","date_gmt":"2014-03-10T17:08:42","guid":{"rendered":"http:\/\/www.aspacam.org\/?page_id=167"},"modified":"2026-04-17T08:57:24","modified_gmt":"2026-04-17T07:57:24","slug":"poker","status":"publish","type":"page","link":"http:\/\/www.aspacam.org\/?page_id=167","title":{"rendered":"Poker"},"content":{"rendered":"<p><img decoding=\"async\" loading=\"lazy\" src=\"http:\/\/www.aspacam.org\/wp-content\/uploads\/2014\/03\/poker-1024x695.jpeg\" alt=\"\" width=\"678\" height=\"452\" \/><\/p>\n<p>Responsable de l&rsquo;activit\u00e9 : <a href=\"mailto:chbovis@free.fr\" target=\"_blank\" rel=\"noopener noreferrer\">Christian Bovis<\/a><\/p>\n<p>Lieu de l&rsquo;activit\u00e9 : Salle de l&rsquo;Aspacam<\/p>\n<p>But de l&rsquo;activit\u00e9 : Faire d\u00e9couvrir et pratiquer le poker dans les meilleures\u00a0conditions et un esprit convivial.<\/p>\n<p>\u00a0<\/p>\n<p>La section poker organise chaque ann\u00e9e\u00a0des tournois r\u00e9guliers,\u00a0le\u00a01er jeudi de chaque mois\u00a0\u00e0 20h, de septembre \u00e0 juin. Report possible au 3\u00e8me jeudi du mois si moins de 6 joueurs pr\u00e9vus.<\/p>\n<p>Pour les inscriptions aux tournois, la section utilise l&rsquo;application SportEasy ou par mail \u00e0 chbovis@free.fr.<\/p>\n<p>Tous les joueurs sont les bienvenus, d\u00e9butants, aguerris ou juste curieux. Chacun am\u00e8ne quelques boissons pour la soir\u00e9e. Aucune mise d&rsquo;argent obligatoire.<\/p>\n<p>Les r\u00e9sultats de chaque tournoi sont comptabilis\u00e9s suivant un bar\u00e8me pour \u00e9tablir un classement\u00a0sur toute l&rsquo;ann\u00e9e. Les 6 meilleurs r\u00e9sultats sur les 10 soir\u00e9es sont retenus pour le classement final.<\/p>\n<p><a title=\"bareme points\" href=\"http:\/\/www.aspacam.org\/wp-content\/uploads\/2014\/03\/bareme-poker.jpg\">Bar\u00e8me de d\u00e9compte des points cliquez ici<\/a><\/p>\n<p>Enfin, une soir\u00e9e\u00a0\u00ab\u00a0crazy mix poker\u00a0\u00bb pour cl\u00f4turer la saison, le 1er jeudi du mois de juillet \u00e0 20h, pour boire un dernier verre en jouant des variantes plus \u00ab\u00a0fun\u00a0\u00bb.<\/p>\n<p>\u00a0<\/p>\n<p>Mat\u00e9riel mis \u00e0 disposition pour chaque soir\u00e9e:<\/p>\n<p>&#8211; 2 mallettes de jetons\u00a0\u00a0\u00a0\u00a0\u00a0\u00a0\u00a0 &#8211; une table de poker\u00a0\u00a0\u00a0\u00a0\u00a0\u00a0\u00a0\u00a0 &#8211; un logiciel de gestion de tournoi sur vid\u00e9oprojecteur<\/p>\n<p>\u00a0<\/p>\n<p>Classement saison 2025-20026 :<\/p>\n<p><a href=\"http:\/\/www.aspacam.org\/wp-content\/uploads\/2026\/04\/Classement-Avril-2026.pdf\">Classement Avril 2026<\/a><\/p>\n<p>\u00a0<\/p>\n<p><span style=\"font-size: inherit;\">HALL OF FAME :<\/span><\/p>\n<p>Vainqueur saison 2024-2025 : Thomas MIG<\/p>\n<p>Vainqueur saison 2023-2024 : Thomas MIG<\/p>\n<p>Vainqueur saison 2022-2023 : Sylvie<\/p>\n<p>Vainqueur saison 2021-2022 : Christian<\/p>\n<p>Vainqueur saison 2018-2019 : Gilles<\/p>\n<p>Vainqueur saison 2017-2018 : Tiwi<\/p>\n<p>Vainqueur saison 2016-2017 : Thomas MIG<\/p>\n<p>Vainqueur\u00a0saison\u00a02015-2016 : Julien<\/p>\n<p>Vainqueur\u00a0saison 2014-2015 : PEG<\/p>\n<p>\u00a0<\/p>\n\n\n<figure class=\"wp-block-image\"><img decoding=\"async\" src=\"http:\/\/www.aspacam.org\/wp-content\/uploads\/2018\/12\/decembre-1024x724.jpg\" alt=\"\" class=\"wp-image-10193\"\/><\/figure>\n\n\n\n<figure class=\"wp-block-image\"><img alt=\"\"\/><\/figure>\n","protected":false},"excerpt":{"rendered":"<p>Responsable de l&rsquo;activit\u00e9 : Christian Bovis Lieu de l&rsquo;activit\u00e9 : Salle de l&rsquo;Aspacam But de l&rsquo;activit\u00e9 : Faire d\u00e9couvrir et pratiquer le poker dans les meilleures\u00a0conditions et un esprit convivial. \u00a0 La section poker organise chaque ann\u00e9e\u00a0des tournois r\u00e9guliers,\u00a0le\u00a01er jeudi de chaque mois\u00a0\u00e0 20h, de septembre \u00e0 juin. Report possible au 3\u00e8me jeudi du mois &hellip; <a href=\"http:\/\/www.aspacam.org\/?page_id=167\" class=\"more-link\">Continuer la lecture de <span class=\"screen-reader-text\">Poker<\/span> <span class=\"meta-nav\">&rarr;<\/span><\/a><\/p>\n","protected":false},"author":1,"featured_media":0,"parent":2,"menu_order":8,"comment_status":"closed","ping_status":"closed","template":"","meta":{"_mi_skip_tracking":false},"_links":{"self":[{"href":"http:\/\/www.aspacam.org\/index.php?rest_route=\/wp\/v2\/pages\/167"}],"collection":[{"href":"http:\/\/www.aspacam.org\/index.php?rest_route=\/wp\/v2\/pages"}],"about":[{"href":"http:\/\/www.aspacam.org\/index.php?rest_route=\/wp\/v2\/types\/page"}],"author":[{"embeddable":true,"href":"http:\/\/www.aspacam.org\/index.php?rest_route=\/wp\/v2\/users\/1"}],"replies":[{"embeddable":true,"href":"http:\/\/www.aspacam.org\/index.php?rest_route=%2Fwp%2Fv2%2Fcomments&post=167"}],"version-history":[{"count":128,"href":"http:\/\/www.aspacam.org\/index.php?rest_route=\/wp\/v2\/pages\/167\/revisions"}],"predecessor-version":[{"id":12212,"href":"http:\/\/www.aspacam.org\/index.php?rest_route=\/wp\/v2\/pages\/167\/revisions\/12212"}],"up":[{"embeddable":true,"href":"http:\/\/www.aspacam.org\/index.php?rest_route=\/wp\/v2\/pages\/2"}],"wp:attachment":[{"href":"http:\/\/www.aspacam.org\/index.php?rest_route=%2Fwp%2Fv2%2Fmedia&parent=167"}],"curies":[{"name":"wp","href":"https:\/\/api.w.org\/{rel}","templated":true}]}}