{"id":137,"date":"2014-03-10T16:29:32","date_gmt":"2014-03-10T15:29:32","guid":{"rendered":"http:\/\/www.aspacam.org\/?page_id=137"},"modified":"2015-12-17T10:21:34","modified_gmt":"2015-12-17T09:21:34","slug":"noel","status":"publish","type":"page","link":"http:\/\/www.aspacam.org\/?page_id=137","title":{"rendered":"No\u00ebl"},"content":{"rendered":"<p>Cette journ\u00e9e du 12 d\u00e9cembre 2015 dans le gymnase de l&rsquo;ASPACAM fut une grande r\u00e9ussite et nous remercions tout particuli\u00e8rement Thierry &amp; Isabelle Portemont pour l&rsquo;organisation les cadeaux, l&rsquo;animation. Merci \u00e9galement \u00e0 Patrick &amp; Anne Amouroux pour les photos et l&rsquo;aide apport\u00e9e tout au long de cette journ\u00e9e et en amont.<\/p>\n<p>Les photos sont visualisables &amp; t\u00e9l\u00e9chargeables <a href=\"https:\/\/goo.gl\/photos\/uGYjQDdE5pFXLQvn9\">l\u00e0<\/a>.<\/p>\n<p><a href=\"http:\/\/www.aspacam.org\/wp-content\/uploads\/2014\/03\/Noel-affiche-2015.jpg\"><img decoding=\"async\" loading=\"lazy\" class=\"aligncenter size-full wp-image-583\" src=\"http:\/\/www.aspacam.org\/wp-content\/uploads\/2014\/03\/Noel-affiche-2015.jpg\" alt=\"Noel affiche 2015\" width=\"758\" height=\"1071\" srcset=\"http:\/\/www.aspacam.org\/wp-content\/uploads\/2014\/03\/Noel-affiche-2015.jpg 758w, http:\/\/www.aspacam.org\/wp-content\/uploads\/2014\/03\/Noel-affiche-2015-212x300.jpg 212w, http:\/\/www.aspacam.org\/wp-content\/uploads\/2014\/03\/Noel-affiche-2015-725x1024.jpg 725w\" sizes=\"(max-width: 758px) 100vw, 758px\" \/><\/a>Bonjour \u00e0 toutes et \u00e0 tous,<\/p>\n<p>veuillez trouver en cliquant <a href=\"http:\/\/www.aspacam.org\/wp-content\/uploads\/2014\/03\/Catalogue-Noel-ASPACAM-2015.pdf\">ici<\/a>, le catalogue des jouets ASPACAM pour le NOEL 2015. Ce catalogue a \u00e9t\u00e9 r\u00e9alis\u00e9 par un membre du bureau sur la base du catalogue NOEL 2015 TOYS R&rsquo;US .<\/p>\n<p>Pourquoi TOYS R&rsquo;US ?<br \/>\nC&rsquo;est une enseigne nationale situ\u00e9e dans les quatre villes qui sont dans le p\u00e9rim\u00e8tre de l&rsquo;ASPACAM. Les jouets seront emball\u00e9s par TOYS R&rsquo;US et distribu\u00e9s aux enfants le jour du spectacle de Cirque.<\/p>\n<p>Nous demandons \u00e0 chacun de contacter T.Portemont par mail ou t\u00e9l\u00e9phone afin de nous donner votre choix (page\/num\u00e9ro de l&rsquo;article), ainsi que les NOMS et AGES de vos enfants concern\u00e9s par le NOEL cette ann\u00e9e.<\/p>\n<p>Si vous constatez qu&rsquo;un jouet est d\u00e9fectueux ou incomplet, vous pourrez par la suite proc\u00e9der \u00e0 un \u00e9change dans le TOYS R&rsquo;US de votre ville.<\/p>\n<p><img decoding=\"async\" loading=\"lazy\" src=\"http:\/\/www.aspacam.org\/wp-content\/uploads\/2014\/03\/pourquoi-s2019offre-t-on-des-cadeaux-a-noel-e1324305990296.jpeg\" alt=\"\" width=\"620\" height=\"465\" \/><\/p>\n<p>Chaque ann\u00e9e, la DGAC par l&rsquo;interm\u00e9diaire des associations locales, comme l&rsquo;ASPACAM, organise une journ\u00e9e No\u00ebl pour tous les enfants des agents.<\/p>\n","protected":false},"excerpt":{"rendered":"<p>Cette journ\u00e9e du 12 d\u00e9cembre 2015 dans le gymnase de l&rsquo;ASPACAM fut une grande r\u00e9ussite et nous remercions tout particuli\u00e8rement Thierry &amp; Isabelle Portemont pour l&rsquo;organisation les cadeaux, l&rsquo;animation. Merci \u00e9galement \u00e0 Patrick &amp; Anne Amouroux pour les photos et l&rsquo;aide apport\u00e9e tout au long de cette journ\u00e9e et en amont. Les photos sont visualisables &hellip; <a href=\"http:\/\/www.aspacam.org\/?page_id=137\" class=\"more-link\">Continuer la lecture de <span class=\"screen-reader-text\">No\u00ebl<\/span> <span class=\"meta-nav\">&rarr;<\/span><\/a><\/p>\n","protected":false},"author":1,"featured_media":0,"parent":2,"menu_order":6,"comment_status":"closed","ping_status":"closed","template":"","meta":{"_mi_skip_tracking":false},"_links":{"self":[{"href":"http:\/\/www.aspacam.org\/index.php?rest_route=\/wp\/v2\/pages\/137"}],"collection":[{"href":"http:\/\/www.aspacam.org\/index.php?rest_route=\/wp\/v2\/pages"}],"about":[{"href":"http:\/\/www.aspacam.org\/index.php?rest_route=\/wp\/v2\/types\/page"}],"author":[{"embeddable":true,"href":"http:\/\/www.aspacam.org\/index.php?rest_route=\/wp\/v2\/users\/1"}],"replies":[{"embeddable":true,"href":"http:\/\/www.aspacam.org\/index.php?rest_route=%2Fwp%2Fv2%2Fcomments&post=137"}],"version-history":[{"count":7,"href":"http:\/\/www.aspacam.org\/index.php?rest_route=\/wp\/v2\/pages\/137\/revisions"}],"predecessor-version":[{"id":584,"href":"http:\/\/www.aspacam.org\/index.php?rest_route=\/wp\/v2\/pages\/137\/revisions\/584"}],"up":[{"embeddable":true,"href":"http:\/\/www.aspacam.org\/index.php?rest_route=\/wp\/v2\/pages\/2"}],"wp:attachment":[{"href":"http:\/\/www.aspacam.org\/index.php?rest_route=%2Fwp%2Fv2%2Fmedia&parent=137"}],"curies":[{"name":"wp","href":"https:\/\/api.w.org\/{rel}","templated":true}]}}

Noël

<p>Cette journée du 12 décembre 2015 dans le gymnase de l&rsquo;ASPACAM fut une grande réussite et nous remercions tout particulièrement Thierry &amp; Isabelle Portemont pour l&rsquo;organisation les cadeaux, l&rsquo;animation. Merci également à Patrick &amp; Anne Amouroux pour les photos et l&rsquo;aide apportée tout au long de cette journée et en amont.</p>
<p>Les photos sont visualisables &amp; téléchargeables <a href="https://goo.gl/photos/uGYjQDdE5pFXLQvn9">là</a>.</p>
<p><a href="http://www.aspacam.org/wp-content/uploads/2014/03/Noel-affiche-2015.jpg"><img decoding="async" loading="lazy" class="aligncenter size-full wp-image-583" src="http://www.aspacam.org/wp-content/uploads/2014/03/Noel-affiche-2015.jpg" alt="Noel affiche 2015" width="758" height="1071" srcset="http://www.aspacam.org/wp-content/uploads/2014/03/Noel-affiche-2015.jpg 758w, http://www.aspacam.org/wp-content/uploads/2014/03/Noel-affiche-2015-212x300.jpg 212w, http://www.aspacam.org/wp-content/uploads/2014/03/Noel-affiche-2015-725x1024.jpg 725w" sizes="(max-width: 758px) 100vw, 758px" /></a>Bonjour à toutes et à tous,</p>
<p>veuillez trouver en cliquant <a href="http://www.aspacam.org/wp-content/uploads/2014/03/Catalogue-Noel-ASPACAM-2015.pdf">ici</a>, le catalogue des jouets ASPACAM pour le NOEL 2015. Ce catalogue a été réalisé par un membre du bureau sur la base du catalogue NOEL 2015 TOYS R&rsquo;US .</p>
<p>Pourquoi TOYS R&rsquo;US ?<br />
C&rsquo;est une enseigne nationale située dans les quatre villes qui sont dans le périmètre de l&rsquo;ASPACAM. Les jouets seront emballés par TOYS R&rsquo;US et distribués aux enfants le jour du spectacle de Cirque.</p>
<p>Nous demandons à chacun de contacter T.Portemont par mail ou téléphone afin de nous donner votre choix (page/numéro de l&rsquo;article), ainsi que les NOMS et AGES de vos enfants concernés par le NOEL cette année.</p>
<p>Si vous constatez qu&rsquo;un jouet est défectueux ou incomplet, vous pourrez par la suite procéder à un échange dans le TOYS R&rsquo;US de votre ville.</p>
<p><img decoding="async" loading="lazy" src="http://www.aspacam.org/wp-content/uploads/2014/03/pourquoi-s2019offre-t-on-des-cadeaux-a-noel-e1324305990296.jpeg" alt="" width="620" height="465" /></p>
<p>Chaque année, la DGAC par l&rsquo;intermédiaire des associations locales, comme l&rsquo;ASPACAM, organise une journée Noël pour tous les enfants des agents.</p>

<p>Cette journée du 12 décembre 2015 dans le gymnase de l&rsquo;ASPACAM fut une grande réussite et nous remercions tout particulièrement Thierry &amp; Isabelle Portemont pour l&rsquo;organisation les cadeaux, l&rsquo;animation. Merci également à Patrick &amp; Anne Amouroux pour les photos et l&rsquo;aide apportée tout au long de cette journée et en amont. Les photos sont visualisables &hellip; <a href="http://www.aspacam.org/?page_id=137" class="more-link">Continuer la lecture de <span class="screen-reader-text">Noël</span> <span class="meta-nav">&rarr;</span></a></p>
